{"id":20,"date":"2022-10-03T12:51:48","date_gmt":"2022-10-03T15:51:48","guid":{"rendered":"https:\/\/aflorarte.com\/webmeetings\/?page_id=20"},"modified":"2022-10-13T18:16:40","modified_gmt":"2022-10-13T21:16:40","slug":"agenda","status":"publish","type":"page","link":"https:\/\/aflorarte.com\/webmeetings\/reservar-turno\/agenda\/","title":{"rendered":"Agenda"},"content":{"rendered":"<p>Reserve su turno desde esta p\u00e1gina.<\/p>\n<p><span style=\"font-family: Verdana; font-size: small;\">Elija su turno pulsando sobre los casilleros disponibles en la agenda <strong><em><span style=\"color: #008000;\">y asegur\u00e1ndose de hacer la conversi\u00f3n horaria correspondiente a su zona seg\u00fan el conversor horario al costado de su pantalla.<\/span><\/em><\/strong><\/span><\/p>\n<p><span style=\"font-family: Verdana; font-size: small;\"><strong><span style=\"color: #008000;\">INDICAR ID DE SKYPE<\/span><\/strong><\/span><\/p>\n<p>Para evitar demoras, al completar el formulario <span style=\"font-family: Verdana; font-size: small;\"><strong><span style=\"color: #008000;\">Por favor, indique su ID de Skype en el casillero para Comentarios (Comments\/Questions) en el formulario a continuaci\u00f3n. <\/span><\/strong><\/span><\/p>\n<p>(Si todav\u00eda no tiene un ID de Skype, puede tramitarlo gratis <a href=\"https:\/\/www.skype.com\/es\/\" target=\"_blank\" rel=\"noopener\">desde aqu\u00ed<\/a><\/p>\n<p><strong><span style=\"font-family: Verdana; font-size: small;\"><a title=\"Detalles del Servicio de Consultas\" href=\"https:\/\/aflorarte.com\/webmeetings\/reservar-turno\/\" target=\"_blank\" rel=\"noopener\"><span style=\"color: #000000;\">PACIENTES NUEVOS: si \u00e9sta es la primera vez que reserva <\/span><\/a><\/span><\/strong><strong><span style=\"font-family: Verdana; font-size: small;\"><span style=\"color: #000000;\">un turno, o tiene dudas,<\/span> <span style=\"color: #ff0000;\"><a href=\"https:\/\/aflorarte.com\/webmeetings\/reservar-turno\/#nota\" target=\"_blank\" rel=\"noopener\">revise los detalles del Servicio de Consultas pulsando aqu\u00ed<\/a>.<\/span><\/span><\/strong><\/p>\n<p><b>VER M\u00c1S HORARIOS EN:<\/b><b> <\/b> <a href=\"https:\/\/www.eventbrite.com.ar\/e\/terapia-floral-pnl-y-coaching-consulta-online-pagos-con-paypal-tickets-99761108160%20\/\" target=\"_blank\" rel=\"noopener\">https:\/\/www.eventbrite.com.ar\/e\/terapia-floral-pnl-y-coaching-consulta-online-pagos-con-paypal-tickets-99761108160 \/ <\/a><\/p>\n<p><b>PAGOS EN PESOS ARGENTINOS DESDE :<\/b><a href=\"https:\/\/www.eventbrite.com.ar\/e\/terapia-floral-pnl-y-coaching-consulta-online-tickets-100197531514\" target=\"_blank\" rel=\"noopener\">https:\/\/www.eventbrite.com.ar\/e\/terapia-floral-pnl-y-coaching-consulta-online-tickets-100197531514<\/a><\/p>\n<p>&nbsp;<\/p>\n<p style=\"text-align: center;\"><span style=\"color: #38389c;\"><strong> LA AGENDA TARDA EN CARGARSE \u2013 <\/strong><\/span><\/p>\n<p style=\"text-align: center;\"><span style=\"color: #38389c;\"><strong>POR FAVOR, CONCEDA UNOS MINUTOS <\/strong><\/span><br \/>\n<span style=\"color: #38389c;\"><strong>HASTA QUE SE DESPLIEGUEN LOS HORARIOS DISPONIBLES<\/strong><\/span><\/p>\n<p style=\"text-align: center;\"><strong><span style=\"color: #ff0000;\">LE PEDIMOS DISCULPAS: LOS TURNOS EST\u00c1N TEMPORARIAMENTE SUSPENDIDOS &#8211;\u00a0<\/span><\/strong><\/p>\n<p><!-- this p tag fixes a IE bug --><br \/>\n<script>\nvar pathCalendar = \"\/webmeetings\";\nvar cpabc_global_date_format = '1';\nvar cpabc_global_military_time = '1';\nvar cpabc_global_start_weekday = '1';\nvar cpabc_global_mindate = '12\/15\/2021';\nvar cpabc_global_maxdate = '5\/30\/2022';\nvar cpabc_global_close_on_select = false;\nvar cpabc_global_cancel_text = 'Cancel';\nvar cpabc_global_pagedate = '11\/2021';\n<\/script><br \/>\n<script type=\"text\/javascript\">\n var cpabc_current_calendar_item;\n var cpabc_current_calendar_initialized = false;\n function apc_clear_date()\n {\n    document.getElementById(\"selDaycal\"+cpabc_current_calendar_item ).value = \"\";\n    cpabc_updateItem();\n }\n function cpabc_updateItem()\n {\n    document.getElementById(\"calarea_\"+cpabc_current_calendar_item).style.display = \"none\";\n    var i = document.FormEdit.cpabc_item.options.selectedIndex;\n    var selecteditem = document.FormEdit.cpabc_item.options[i].value;\n    cpabc_do_init(selecteditem);\n }\n function cpabc_do_init(id)\n {\n    try {\n        cpabc_current_calendar_item = id;\n        document.getElementById(\"calarea_\"+cpabc_current_calendar_item).style.display = \"\";\n        initAppCalendar(\"cal\"+cpabc_current_calendar_item,2,2,\"SP\",{m1:\"Please select the appointment time.\"});        cpabc_current_calendar_initialized = true;\n    } catch (e) {}    \n }\n function updatedate()\n {\n    if (document.getElementById(\"selDaycal\"+cpabc_current_calendar_item ).value != '')\n    {\n        var timead = \"\";\n        var hour = document.getElementById(\"selHourcal\"+cpabc_current_calendar_item ).value;\n        if (cpabc_global_military_time == '0')\n        {\n            if (parseInt(hour) > 12)\n            {\n                timead = \" pm\";\n                hour = parseInt(hour)-12;\n            }\n            else\n                timead = \" am\";\n        }\n        var minute = document.getElementById(\"selMinutecal\"+cpabc_current_calendar_item ).value;\n        if (minute.length == 1)\n            minute = \"0\"+minute;\n        minute = hour + \":\" + minute + timead;\n    }\n }\n <\/script><\/p>\n<form id=\"cp_abcform_pform\" class=\"cpp_form\" action=\"\" method=\"post\" name=\"FormEdit\"><input name=\"cpabc_appointments_post\" type=\"hidden\" value=\"1\" \/><input name=\"cpabc_appointments_utime\" type=\"hidden\" value=\"\" \/><\/p>\n<div style=\"display: none;\">Calendar<br \/>\n<select id=\"cpabc_item\" name=\"cpabc_item\" onchange=\"cpabc_updateItem()\"><option value=\"1\">Consulta OnLine con Liliana Dercye<\/option><\/select><\/div>\n<div class=\"abc_selectdate fields\">Select date and time:<\/div>\n<div id=\"calarea_1\" style=\"display: none;\">\n<p><input id=\"selDaycal1\" name=\"selDaycal1\" type=\"hidden\" \/><input id=\"selMonthcal1\" name=\"selMonthcal1\" type=\"hidden\" \/><input id=\"selYearcal1\" name=\"selYearcal1\" type=\"hidden\" \/><input id=\"selHourcal1\" name=\"selHourcal1\" type=\"hidden\" \/><input id=\"selMinutecal1\" name=\"selMinutecal1\" type=\"hidden\" \/><\/p>\n<div class=\"appContainer\">\n<div class=\"appContainer2\" style=\"z-index: 1000;\">\n<div id=\"cal1Container\"><\/div>\n<\/div>\n<\/div>\n<div style=\"clear: both;\"><\/div>\n<div id=\"listcal1\" class=\"listcal\"><\/div>\n<\/div>\n<div style=\"clear: both;\"><\/div>\n<p>Your phone number:<br \/>\n<input name=\"phone\" type=\"text\" value=\"\" \/><br \/>\nYour name:<br \/>\n<input name=\"name\" type=\"text\" value=\"\" \/><br \/>\nYour email:<br \/>\n<input name=\"email\" type=\"email\" value=\"\" \/><br \/>\nComments\/Questions:<br \/>\n<textarea style=\"width: 100%;\" name=\"question\"><\/textarea><br \/>\nPlease enter the security code:<br \/>\n<img id=\"captchaimg\" class=\"skip-lazy\" src=\"\/web\/20211130115310im_\/https:\/\/www.aflorarte.com\/webmeetings\/?cpabc_app=captcha&amp;inAdmin=1&amp;width=220&amp;height=70&amp;font=font-3.ttf\" alt=\"security code\" border=\"0\" \/><\/p>\n<p>Security Code:<\/p>\n<div class=\"dfield\">\n<p><input id=\"hdcaptcha\" name=\"hdcaptcha\" size=\"20\" type=\"text\" value=\"\" \/><\/p>\n<div id=\"hdcaptcha_error\" class=\"error message\" style=\"display: none; position: absolute; left: 0px; top: 25px;\"><\/div>\n<\/div>\n<p><input class=\"cp_subbtn\" name=\"subbtn\" type=\"submit\" value=\"Pagar Consulta\" \/><\/p>\n<\/form>\n<p><script type=\"text\/javascript\">\n var cpabc_click_enabled = true;  \n var cpabc_max_slots = 4;\n var cpabc_max_slots_text = 'Please select a maximum of %1 time-slots. Currently selected: %2 time-slots.';\n cpabc_max_slots_text = cpabc_max_slots_text.replace('%1',cpabc_max_slots);\n cpabc_max_slots_text = cpabc_max_slots_text.replace('%2',cpabc_max_slots);\n cpabc_current_calendar_item = 1;\n cpabc_do_init(cpabc_current_calendar_item);\n setInterval('updatedate()',200);\n function doValidate(form)\n {\n    if (!cpabc_click_enabled) return false;\n    var visitortime = new Date();\n    form.cpabc_appointments_utime.value = \"GMT \" + -visitortime.getTimezoneOffset()\/60;\n    if (form.phone.value == '')\n    {\n        alert('Please enter a valid phone number.');\n        return false;\n    }\n    if (form.email.value == '')\n    {\n        alert('Please enter a valid email address.');\n        return false;\n    }\n    if (form.name.value == '')\n    {\n        alert('Please write your name.');\n        return false;\n    }\n    var selst = \"\"+document.getElementById(\"selDaycal\"+cpabc_current_calendar_item).value;    \n    if (selst == '')\n    {\n        alert('Please select date and time.');\n        return false;\n    }\n    selst = selst.match(\/;\/g);selst = selst.length;\n    if (selst < 1) { var almsg = 'Please select at least %1 time-slots. Currently selected: %2 time-slots.'; almsg = almsg.replace('%1','1'); almsg = almsg.replace('%2',selst); alert(almsg); return false; } if (selst > 4)\n    {\n        var almsg = 'Please select a maximum of %1 time-slots. Currently selected: %2 time-slots.';\n        almsg = almsg.replace('%1','4');\n        almsg = almsg.replace('%2',selst);\n        alert(almsg);\n        return false;\n    } \n     if (form.hdcaptcha.value == '')\n    {\n        alert('Please enter the captcha verification code.');\n        return false;\n    }\n    $dexQuery = jQuery.noConflict();\n    var result = $dexQuery.ajax({\n        type: \"GET\",\n        url: \"\/webmeetings?inAdmin=1\"+String.fromCharCode(38)+\"abcc=1\"+String.fromCharCode(38)+\"hdcaptcha=\"+form.hdcaptcha.value,\n        async: false\n    }).responseText;\n    if (result.indexOf(\"captchafailed\") != -1)\n    {\n        $dexQuery(\"#captchaimg\").attr('src', $dexQuery(\"#captchaimg\").attr('src')+String.fromCharCode(38)+Math.floor((Math.random() * 99999) + 1));\n        alert('Incorrect captcha code. Please try again.');\n        return false;\n    }\n    else     {\n        cpabc_click_enabled = false;\n        cpabc_blink(\".cp_subbtn\");\n        return true;\n    }\n }\n function cpabc_blink(selector){\n     try \n     {\n         $dexQuery = jQuery.noConflict();\n         $dexQuery(selector).fadeOut(1000, function(){\n             $dexQuery(this).fadeIn(1000, function(){\n                 if (!cpabc_click_enabled)\n                     cpabc_blink(this); \n             });\n         });\n     } catch (e) {}\n }\n<\/script><\/p>\n","protected":false},"excerpt":{"rendered":"<p>Reserve su turno desde esta p\u00e1gina. Elija su turno pulsando sobre los casilleros disponibles en la agenda y asegur\u00e1ndose de hacer la conversi\u00f3n horaria correspondiente a su zona seg\u00fan el conversor horario al costado de su pantalla. INDICAR ID DE SKYPE Para evitar demoras, al completar el formulario Por favor, indique su ID de Skype &hellip; <a href=\"https:\/\/aflorarte.com\/webmeetings\/reservar-turno\/agenda\/\" class=\"more-link\">Continu\u00e1 leyendo <span class=\"screen-reader-text\">Agenda<\/span> <span class=\"meta-nav\">&rarr;<\/span><\/a><\/p>\n","protected":false},"author":1,"featured_media":0,"parent":14,"menu_order":0,"comment_status":"closed","ping_status":"closed","template":"","meta":[],"_links":{"self":[{"href":"https:\/\/aflorarte.com\/webmeetings\/wp-json\/wp\/v2\/pages\/20"}],"collection":[{"href":"https:\/\/aflorarte.com\/webmeetings\/wp-json\/wp\/v2\/pages"}],"about":[{"href":"https:\/\/aflorarte.com\/webmeetings\/wp-json\/wp\/v2\/types\/page"}],"author":[{"embeddable":true,"href":"https:\/\/aflorarte.com\/webmeetings\/wp-json\/wp\/v2\/users\/1"}],"replies":[{"embeddable":true,"href":"https:\/\/aflorarte.com\/webmeetings\/wp-json\/wp\/v2\/comments?post=20"}],"version-history":[{"count":5,"href":"https:\/\/aflorarte.com\/webmeetings\/wp-json\/wp\/v2\/pages\/20\/revisions"}],"predecessor-version":[{"id":70,"href":"https:\/\/aflorarte.com\/webmeetings\/wp-json\/wp\/v2\/pages\/20\/revisions\/70"}],"up":[{"embeddable":true,"href":"https:\/\/aflorarte.com\/webmeetings\/wp-json\/wp\/v2\/pages\/14"}],"wp:attachment":[{"href":"https:\/\/aflorarte.com\/webmeetings\/wp-json\/wp\/v2\/media?parent=20"}],"curies":[{"name":"wp","href":"https:\/\/api.w.org\/{rel}","templated":true}]}}